 the prime factors of (-33138)/(-8679)*163*11?
2, 3, 7, 163
List the prime factors of (-31028)/(-6) + (-31)/93.
5171
Let h(o) = -8*o + 815. What are the prime factors of h(34)?
3, 181
Suppose -5*k - 4*o + 41 = 0, 5*k + 4*o - 29 = 3*o. Let s(l) = 30*l**2 + 3*l - 4. What are the prime factors of s(k)?
761
Let u be (2 - 0)*(0 + 1). Suppose 3*n - 3*v = 288, 0 = -4*n - u*v + 3*v + 387. Let y = -63 + n. What are the prime factors of y?
2, 17
Let h = 15359 - 10358. What are the prime factors of h?
3, 1667
Let p = 37395 - 12645. List the prime factors of p.
2, 3, 5, 11
Let o = 1833 + -460. Let p = -706 + o. List the prime factors of p.
23, 29
Let j(g) = 3*g**2 - 10*g. Let k(v) = v**2 - 4*v + 6. Let f be k(4). List the prime factors of j(f).
2, 3
Let z(x) = -3*x**3 - 13*x**2 + 11*x + 36. Let l be z(-11). Suppose 2*f + 1862 = 4*b, -b - 5*f = 4*b - l. What are the prime factors of b?
2, 233
Let n = 52122 - 29219. What are the prime factors of n?
37, 619
Let t = -788 - -11465. List the prime factors of t.
3, 3559
Let k = 68 + -32. Let q = 56 - k. Let a = q + 15. What are the prime factors of a?
5, 7
Let j = -303 - -303. Suppose w + 3*p = 317, j = 2*w + 19*p - 16*p - 637. What are the prime factors of w?
2, 5
Let j = -4612 + 10559. List the prime factors of j.
19, 313
Let u = 5655 - 838. What are the prime factors of u?
4817
Suppose 0 = -9*z + 2531 - 695. Let k = 111 + z. List the prime factors of k.
3, 5, 7
Let h(a) = 11635*a**2 + 65*a - 9. List the prime factors of h(2).
29, 1609
Let s = 13 - -5. Let f = s - -11. Let u = 58 - f. List the prime factors of u.
29
Let z(u) = -3241*u + 194. What are the prime factors of z(-4)?
2, 3, 17, 43
Suppose 0 = 34*a - 32*a. Suppose -3*o - 161 + 8 = a. Let v = o - -75. List the prime factors of v.
2, 3
Let n(j) = j**3 + 7*j**2 + 6*j + 3. Let h be n(-5). Let f(x) = -7*x + 229*x**2 - 9 - 251*x**2 + x**3 - 14*x. List the prime factors of f(h).
37
Let a be 120/7 + 8/(-56). Let h(m) = m**2 - 16*m + 20. What are the prime factors of h(a)?
37
Let d(k) = -23*k - 16. Let m(a) = -34*a - 24. Let w(q) = -8*d(q) + 5*m(q). Let g be w(10). What are the prime factors of 3/4 + 4 + g/16?
2, 7
Suppose 3 = -t, -13*n - 5*t + 10094 = -12*n. What are the prime factors of n?
11, 919
Let g = 406 - 173. Suppose -3769 = -6*t + g. List the prime factors of t.
23, 29
Suppose 9*s = 51 - 24. Suppose -s*v = -a - 8*v + 134, 2*a - 253 = -5*v. List the prime factors of a.
7, 17
Suppose -5*s = -5*l + 10, 14 = 2*l + 4*s - s. What are the prime factors of (-1041)/(-2) - (-2)/l?
521
Let m = 274 + -270. List the prime factors of (m/6)/2 - 1670/(-3).
557
Suppose -4*b - 3*i + 320135 = 0, b - i - 68917 = 11129. List the prime factors of b.
80039
Suppose -4*o + 12*o = 2024. Let t = 448 - o. List the prime factors of t.
3, 5, 13
Suppose -10*i + 8*i = y - 3, -2*y - 3*i = -2. Let g(r) = -112*r + 13. What are the prime factors of g(y)?
3, 191
Suppose -2*p + 5*k + 1850 = 0, k + 2 = -p + 934. Suppose 7*f + p = 3947. List the prime factors of f.
431
Let k(t) = 61*t + 22. Let o(q) = 123*q + 43. Let x(p) = 5*k(p) - 2*o(p). List the prime factors of x(7).
19, 23
Let r be ((-8)/(-6))/(6/270*-3). List the prime factors of r/(-4) - 136/(-4).
3, 13
List the prime factors of ((-15)/(-10))/(330/490424) + 12/15.
2, 5, 223
Let y = 54 + -51. Suppose 25 = 2*c + y*c. Suppose 3*d = -12, 0 = c*w - 5*d + 2*d - 427. What are the prime factors of w?
83
Let w(s) = 1150*s - 5. List the prime factors of w(12).
5, 31, 89
Let y = -3049 - -1871. Let a = y - -2076. List the prime factors of a.
2, 449
Let b be 6/(-12) + 67/2. Let y be (-2)/11 - (-699)/b. Suppose 4*n - 3*s = y, 3*n + 3*s - 28 + 7 = 0. What are the prime factors of n?
2, 3
Let x(g) = -5*g**3 - 3*g**2 + g + 2. Let y be x(-2). Let t be (y/(-16) + 3)*12. Let l(d) = 2*d**2 - 15*d - 34. What are the prime factors of l(t)?
191
Let f(b) = -b**3 + 15*b**2 - 9*b - 44. Let k be f(16). Let o = -113 - k. List the prime factors of o.
331
Suppose -3*f = -5*q - 40490, f + 4*q = 11593 + 1915. List the prime factors of f.
2, 3, 5
Suppose 0 = -31*m + 28*m + 1590. Suppose -2*y - 6*o + 10*o + m = 0, -3*o + 265 = y. List the prime factors of y.
5, 53
Let j = 243 - 227. Let r(z) = z**3 - 14*z**2 - 3*z - 9. List the prime factors of r(j).
5, 7, 13
Let j be 0 - ((-56)/35 - 4/10). Suppose 2*p - 5*n - 188 = 0, -3*p + n + 424 = j*p. What are the prime factors of p?
2, 3, 7
Let f(k) = 13*k**3 - 7*k**2. Let a(u) = 12*u**3 - 8*u**2 - 2*u - 1. Let m(z) = 2*a(z) - 3*f(z). List the prime factors of m(-3).
2, 5, 23
Suppose 3*m - 138367 = -5*c, 47055 + 63572 = 4*c - 5*m. What are the prime factors of c?
2, 6917
Let g be (-1*2/(-4))/(3/(-24)). Let k be 2 - (-12)/9*(-6)/g. Suppose k*i - 3*s - 226 = 0, -i - 3*s + 269 = 4*i. List the prime factors of i.
5, 11
Suppose -18*u - 98802 - 89568 = 0. What are the prime factors of (-9)/(-12) + 1*u/(-20)?
2, 131
Suppose 4*y - 2*b = 9*y + 1580, -5*b - 293 = y. Let h = 181 - y. What are the prime factors of h?
499
Let n(b) = -262*b - 14. Let m(k) = 52*k + 3. Let l(r) = -16*m(r) - 3*n(r). What are the prime factors of l(-2)?
2, 43
What are the prime factors of (-12)/(-30) + (-84946)/(-10) - (1 - 2)?
2, 3, 59
Suppose 0 = -d + t + 2, 0*d - 6 = d + 3*t. Suppose d = -11*o + 2497 + 3091. Let h = -255 + o. List the prime factors of h.
11, 23
Let k(f) be the third derivative of -f**5/12 + f**4/24 + f**3/6 + 27*f**2. Let z be k(-7). Let i = z + 428. List the prime factors of i.
3, 59
Suppose -1145 = -69*p + 58*p + 296. List the prime factors of p.
131
Suppose 183*w = 195*w - 98736. List the prime factors of w.
2, 11, 17
Let u(k) be the first derivative of k**3 + 109*k**2/2 - 44*k + 168. What are the prime factors of u(-45)?
2, 563
Let x = 10120 + -5896. What are the prime factors of x?
2, 3, 11
Suppose -62 = -3*k + d, 2*k - 37 = 5*d - 13. Suppose 0 = k*c - 9099 - 11493. What are the prime factors of c?
2, 3, 13
Let d(j) = 11*j**3 + 2*j + 1. Let o be d(-1). Let p be 26 + 16/(o/3). Suppose 3*y = -p + 73. What are the prime factors of y?
17
List the prime factors of ((-369)/(-27))/((-14)/(-7812)).
2, 3, 31, 41
Suppose -2328*n + 2353*n + 5624 = 154399. What are the prime factors of n?
11, 541
Suppose 0 = j + 8*j + 963. Let u = 83 + j. What are the prime factors of 23/3*(-3 - u)?
7, 23
Suppose 0 = -10*q + 34 + 16. Suppose 5*w + 580 = q*z, -5*w = 3*z - 256 - 108. List the prime factors of z.
2, 59
Suppose -z + 0*z = -5*z. Let p(l) = 3*l + 24. Let r be p(-9). List the prime factors of ((-2)/4)/(z - r/(-468)).
2, 3, 13
Let a(h) = 8*h + 31. Let u be ((-9)/6)/((9/(-312))/(-1)). Let f = u - -57. What are the prime factors of a(f)?
71
Suppose 12*o - 38*o + 77184 = -51152. List the prime factors of o.
2, 617
Suppose -4*o + 42464 = 3*h - 5*h, 5*o - 53082 = 3*h. Suppose 0 = 38*f - 9*f - o. List the prime factors of f.
2, 3, 61
Let o(z) = -z + 11. Let g be o(8). Suppose 3863 = -g*w - 4*u, 5*w + 3851 = 2*w + 2*u. List the prime factors of w/(-15) - ((-12)/9 - -1).
2, 43
Suppose 4*b - 3*n + 142 = 0, -b + 0*n - 28 = 3*n. Let c = b - -28. Let t(j) = -21*j + 14. List the prime factors of t(c).
2, 5, 7
Let p(f) = f**3 + 6*f**2 + 454*f + 80. What are the prime factors of p(30)?
2, 5, 461
Let w(y) = -655*y - 1461. What are the prime factors of w(-18)?
3, 11, 313
Let r = 7627 - 3815. List the prime factors of r.
2, 953
Let c = 5763 - 2649. List the prime factors of c.
2, 3, 173
Suppose 0 = 5*z + 2*k - 74547, 0 = -4*z + 12*k - 8*k + 59604. List the prime factors of z.
3, 4969
Suppose -14*k + 9*k = 4*h - 9131, k - 4*h = 1855. What are the prime factors of k?
1831
Suppose 3*z = -18*z - 23*z + 473704. What are the prime factors of z?
2, 7, 769
Let d = -6051 + 24297. What are the prime factors of d?
2, 3, 3041
Suppose -3*s + 28 = 11*s. Suppose 0 = -5*k + 3*g + 1677, -k - s*k + 1003 = -5*g. What are the prime factors of k?
2, 3, 7
What are the prime factors of (-48)/(-168) - (-150720)/14?
2, 7, 769
Let o(w) = 5*w - 100. Let s(r) = 5*r**2 + 5*r + 12. Let f be s(-2). What are the prime factors of o(f)?
2, 5
Suppose 337 = -5*w + 67. Let x be w/3 - (-8)/4. Let c = x + 52. List the prime factors of c.
2, 3
Suppose 0 = 3*d - v - 14802, -23*v = -20*v - 18. List the prime factors of d.
2, 617
Let z be 3 + -4*(-5)/20*-2. Let c(x) = 345*x + 8. What are the prime factors of c